s**2 + s + s. Let v be j(1). Let x = -17 - v. Is x a multiple of 9?
True
Let c = -1 - 9. Let d = 52 + c. Is d a multiple of 19?
False
Suppose 3*u - 2245 = -5*o + 8*u, 3*o + u - 1351 = 0. Let a = o + -261. Suppose -2*m - 2*c = -7*m + a, -2*c + 181 = 5*m. Is 15 a factor of m?
False
Let i(k) = k + 10. Suppose m - 5*m = o - 22, -m + 4*o = 3. Suppose 0*t = m*t + 40. Is i(t) a multiple of 2?
True
Suppose -3*v = -4*m - 82, 2*v + 3*m - 56 = 27. Is v a multiple of 23?
False
Does 15 divide 62 + (-2 + 3 - 3)?
True
Let q(m) = m**2 - 2*m. Let j be q(4). Let p = 12 - j. Is 4 a factor of p?
True
Let w be ((-7)/(-21))/(2/(-12)). Let h be w*(-5)/(-4)*-2. Is 15 a factor of 3/(-1 - (-6)/h)?
True
Let n(l) = l**3 + 4*l**2 + 8*l + 5. Let i be n(-5). Let d = i + 96. Does 18 divide d?
True
Let o = -10 + 23. Suppose -d = -3*v + o, -2*v + 12 = d - 0*d. Is 11 a factor of 0 - 14/d*-3?
False
Suppose 24*w = 22*w + 180. Is w a multiple of 30?
True
Let m(a) = 50*a - 22. Let f(d) = -10*d + 4. Let l(n) = 22*f(n) + 4*m(n). Suppose 2*z + 4 = -0. Is 14 a factor of l(z)?
False
Suppose -6*z + 5*z + q = -90, 5*q = 25. Is z a multiple of 19?
True
Let k(w) = 7*w**2 + 2. Does 35 divide k(-3)?
False
Let s(p) be the second derivative of p**6/360 - p**5/20 + 7*p**4/24 - p**3/3 - 3*p. Let r(w) be the second derivative of s(w). Is 3 a factor of r(6)?
False
Let z(x) = 2*x**2 + 10*x + 30. Is z(-6) a multiple of 21?
True
Let i(b) = -b**2 - 13*b - 3. Is 9 a factor of i(-10)?
True
Let l(u) = u**2 + 7*u + 8. Let b be l(-6). Suppose b*s = -5*w + 56 + 10, -15 = -w - s. Is w a multiple of 4?
True
Suppose -2*c + 38 + 56 = 0. Let n = c + -24. Is n a multiple of 14?
False
Let r be (10/(-2))/((-4)/(-20)). Let h = -16 - r. Is 6 a factor of h?
False
Suppose 0 = -2*c + 96 + 32. Is 23 a factor of c?
False
Suppose -4*m - 26 = -82. Is 7 a factor of m?
True
Is 4 a factor of (420/(-5))/(-7) - 2*-1?
False
Suppose 3*z = -4*z + 140. Is z a multiple of 20?
True
Let r(o) = -o**2 + 8*o + 3. Let l(s) = 9*s + 4. Let u(f) = 5*l(f) - 6*r(f). Let x be u(2). Suppose -x = -c + 12. Is c a multiple of 15?
False
Let d = 1 + 1. Suppose 4*i + 27 = 3*l - 8, -4*l + 2*i = -30. Suppose 2*u - l*k = -d*u + 77, 5*u + 5*k - 130 = 0. Is u a multiple of 8?
False
Suppose 294 = 4*y + 5*g, 15 = -3*y - 5*g + 233. Is y a multiple of 19?
True
Let b = -11 + 15. Suppose w - 4*w + 36 = 0. Is (-3)/w + 13/b a multiple of 3?
True
Suppose -z + 8*t - 6 = 3*t, 4*z = -5*t + 76. Suppose -106 - z = 4*q. Is 4 a factor of (-8)/3*q/8?
False
Is (1/2*-26)/(-1) a multiple of 13?
True
Let k = 5 + -1. Suppose 2*d - 71 = -3*l, k*l - 4*d + 2*d = 90. Is 14 a factor of l?
False
Suppose 0 = y - 6*y + 5. Let g = -1 + y. Let d(u) = u + 17. Does 7 divide d(g)?
False
Suppose -4*p + 7*p = 81. Let s = p + -3. Is 8 a factor of s?
True
Let x(l) = -3*l + 1. Let y be x(1). Let g(q) be the first derivative of -q**4/2 + 2*q**3/3 - q - 1. Is g(y) a multiple of 18?
False
Let v be 311/(-3) + 4/(-12). Let j = -44 - v. Is j a multiple of 15?
True
Does 29 divide 866/10 + 4/10?
True
Let j(s) = 3*s**2. Let l = 7 + -5. Is 12 a factor of j(l)?
True
Let b(x) = -x**3 - 5*x**2 + 5*x - 8. Let a be b(-6). Let q(g) be the first derivative of 2*g**3/3 + g**2 - 2*g - 4. Is q(a) a multiple of 2?
True
Let z(s) = -s**3 + 9*s**2 + 14*s + 4. Suppose -5*r + 4*u + 34 = 0, -16 = -4*r + 2*r + u. Does 22 divide z(r)?
True
Let u = 380 - 200. Is 20 a factor of u?
True
Let o(y) = y - 2. Let t be o(1). Let d = 29 - t. Does 12 divide d?
False
Let c = -20 - -30. Let o = c + 38. Does 16 divide o?
True
Let t be (148/8 + 1)*4. Does 14 divide (4/(-2) + t)/2?
False
Let j(z) = -2*z**3 - 6*z**2 - 17*z + 4. Let d(m) = m**3 - m**2 + m + 1. Let q(t) = -3*d(t) - j(t). Does 11 divide q(10)?
True
Let i = 2 - 0. Let h be -2*(-3)/(i + 4). Suppose 5*p + 3*g = 100, -h - 6 = -p + 2*g. Is p a multiple of 11?
False
Let h = 295 + -71. Does 16 divide h?
True
Let d(t) = 15*t + 14. Let b be d(6). Suppose 0 = -3*c + 5*j + 80, -3*c - 2*c = -j - b. Is 10 a factor of c?
True
Let g(j) = -j**2 + j - 1. Let z(t) = 10*t + 11. Let o(w) = -w**2 + 21*w + 21. Let c(k) = 2*o(k) - 5*z(k). Let h(n) = -c(n) + g(n). Does 3 divide h(-8)?
False
Suppose 150 = 3*q - 114. Is q a multiple of 11?
True
Let y be 5 - (-1 + 2 + -2). Let a(l) = -6 - l + y*l + 4*l. Is 11 a factor of a(4)?
False
Let s(x) = 42*x - 34. Is 52 a factor of s(7)?
True
Does 6 divide (4 - 2 - 4) + 8?
True
Let b be 1 + -1 + 1 + -1. Suppose 0 = -5*p + r - b*r + 52, r = 3*p - 32. Does 5 divide p?
True
Let q = -2 + 7. Suppose 3*s + 3 + 15 = -q*g, 0 = -3*s - 4*g - 18. Let v = s + 12. Is v a multiple of 2?
True
Let x(s) = -22*s**2 + 2*s - 2. Let f be x(3). Let l be 2 - 1 - (f - 0). Suppose 2*d + 2*a - 83 = 3*a, 5*d - 5*a - l = 0. Does 20 divide d?
False
Suppose -3*t + 8*t = -4*c + 250, -128 = -2*t + 4*c. Does 9 divide t?
True
Let t be 0/2 - 76/(-4). Suppose -o + t = -w - 2*w, 0 = o - w - 17. Does 7 divide o?
False
Let x = 4 - 3. Let p(h) = -4*h + 0 + 0*h - x. Does 6 divide p(-3)?
False
Let l = 5 + 34. Is l a multiple of 13?
True
Suppose 4*q - 8 + 88 = 0. Let m = 0 - q. Is 13 a factor of m?
False
Suppose 384 = 61*o - 53*o. Is o a multiple of 16?
True
Suppose -2*u + 0*u = -26. Is 13 a factor of u?
True
Let x(i) = 6*i - i**3 + 6*i**2 + 1 + 2*i**3 - 2*i. Let y be x(-5). Let m(j) = 3*j + 3. Does 8 divide m(y)?
False
Let d = -69 - -131. Is 14 a factor of d?
False
Does 12 divide 5 + -9 + 196*1?
True
Is 8 a factor of 1190/28 - 1/2?
False
Let w be -1 + (-4)/((-8)/(-6)). Let l be (-3 + 0)/(-5 - w). Suppose 50 = -l*i + 137. Does 9 divide i?
False
Suppose 3*y - 5*i = 343 + 547, 4*y + 5*i - 1210 = 0. Is 55 a factor of y?
False
Let y = -3 + 3. Let h be -3*(-3 + (-44)/6). Suppose y - h = -m. Is m a multiple of 22?
False
Suppose -27*p + 15*p + 684 = 0. Is 8 a factor of p?
False
Suppose 3*a + 51 = 3*f, -2*a + 56 = 2*f + 2*f. Suppose 1 + f = 4*v. Is 2 a factor of v?
True
Suppose 4*s + 0*s - 112 = 0. Suppose 0*k - 2*k - 16 = -3*u, -k + s = 3*u. Does 6 divide u?
False
Let m = -3 - -5. Suppose -m*y = -57 - 23. Is y a multiple of 20?
True
Let v(b) = -b**2 - 7*b - 7. Let p be v(-6). Let z(n) = 5*n**2 - 6*n - 7. Let s(w) = -4*w**2 + 5*w + 6. Let u(i) = 6*s(i) + 5*z(i). Is 2 a factor of u(p)?
True
Let r(n) = -n + 4. Let b(w) = -2*w + 8. Let d(q) = 6*b(q) - 11*r(q). Let l be d(-6). Does 8 divide (5 - 10)*(-32)/l?
True
Suppose -4*y - y - 3*b + 150 = 0, -2*y + 60 = 3*b. Is y a multiple of 30?
True
Let d = -93 + 295. Does 31 divide d?
False
Let o be (504/20)/(2/10). Let t = o - 62. Does 18 divide t?
False
Let n = 15 + 32. Is n a multiple of 26?
False
Suppose -4*k + a + a + 30 = 0, -2*k - a + 5 = 0. Suppose 0 = -5*d + 3*h, -3*d + 0*h + 34 = k*h. Is d even?
False
Suppose d - 120 = -2*d. Let u(w) = w**3 + 28*w**2 + 4. Let s be u(-28). Suppose 5*a + 5*o + 0*o = 25, -2*a + d = -s*o. Does 3 divide a?
False
Suppose f + 18 = -x, 3*f + 102 = -2*f + x. Does 7 divide 6/15 + (-272)/f?
True
Let c(m) = -2*m + 45. Is 15 a factor of c(-15)?
True
Let n(d) = d**2 - 9*d - 1. Let y be n(11). Suppose -7*c = -10*c + y. Does 5 divide c?
False
Suppose -5*y = -v + 2 + 15, 5*v + 15 = 0. Does 13 divide (-2)/y*0 + 39?
True
Suppose 0 = 3*u - t - 13, t = 2*u - 2*t - 18. Suppose 4*k - u*o - 25 = 0, k - 5 = -k - o. Does 13 divide (-12)/(-2)*26/k?
True
Let y(r) = -r**2 - 12*r + 5. Suppose -3*g - 2*g = 45. Does 16 divide y(g)?
True
Let w be 136/32 - (-1)/(-4). Let s = w + 1. Is 3 a factor of s?
False
Let d(s) = -s**3 - 9*s**2 - s - 6. Suppose 5*a - t + 50 = 0, -4*t - t + 52 = -3*a. Let y be d(a). Suppose q = -y*q + 148. Is q a multiple of 16?
False
Let j(n) = -n**3 - 8*n**2 + 7*n + 10. Let c be j(-7). Let y be c/(-14) + (-2)/7. Let z(m) = 2*m - 7. Does 2 divide z(y)?
False
Suppose -11 - 13 = -4*u. Let c be (4/u)/((-4)/(-24)). Suppose -c*g + 2 = -6, -3*i = -4*g - 16. Is i a multiple of 4?
True
Suppose 2*j - 4*j - 4 = 0. Let m be 2/2 + 0 + j. Is -2*((-16)/(-1))/m a multiple of 19?
False
Suppose -2*v + 22 = 4*l, 1 = 5*l - 4*v - 20. Suppose 0 = -0*u - 3*u - 4*p + 18, 4*u = l*p - 7. Is (-26)/(-5) + u/(-10) a multiple of 2?
False
Let o = 12 + 12. Is o a multiple of 6?
True
Suppose 0 = -2*j + 17 + 79. Suppose -j = -4*l + 4*o, 4*l - 48 = -0*o + 2*o. Does 8 divide l?
False
Is ((-3)/(-9))/((-2)/(-48)) a multiple of 3?
False
Suppose -4*c = 3*f - 46, -2*c + 3*f + 41 